{"id":2575,"date":"2023-08-19T13:38:41","date_gmt":"2023-08-19T13:38:41","guid":{"rendered":"https:\/\/brnteknoloji.com.tr\/?post_type=product&#038;p=2575"},"modified":"2023-08-19T13:38:42","modified_gmt":"2023-08-19T13:38:42","slug":"tch-2150m-21-5-multi-dokunmatik-monitor","status":"publish","type":"product","link":"https:\/\/brnteknoloji.com.tr\/index.php\/urun\/tch-2150m-21-5-multi-dokunmatik-monitor\/","title":{"rendered":"TCH-2150M 21.5\u201d Multi Dokunmatik Monit\u00f6r"},"content":{"rendered":"<p>&#8211; Multi Touch Dokunmatik Ekran ; 10 Parmak<br \/>\n&#8211; 21.5&#8221; LED LCD Panel<br \/>\n&#8211; B\u00fct\u00fcnle\u015fik Ekran<br \/>\n&#8211; Y\u00fcksek Kaliteli Kasa, Al\u00fcminyum D\u00f6k\u00fcm &#038; Plastik<br \/>\n&#8211; 1920 X 1080 \u00c7\u00f6z\u00fcn\u00fcrl\u00fck ve 300 nits LCD Panel Parlakl\u0131\u011f\u0131<br \/>\n&#8211; Cift Pozisyonlu Ayak Ve Y\u00fckseklik ve E\u011fim Ayar\u0131<br \/>\n&#8211; VGA G\u00f6r\u00fcnt\u00fc Giri\u015fleri<br \/>\n&#8211; 12V DC G\u00fc\u00e7 Giri\u015fi<br \/>\n&#8211; USB Ba\u011flant\u0131<br \/>\n&#8211; 2 Y\u0131l Garanti<\/p>\n","protected":false},"excerpt":{"rendered":"<p>&#8211; Multi Touch Dokunmatik Ekran ; 10 Parmak &#8211; 21.5&#8221; LED LCD Panel &#8211; B\u00fct\u00fcnle\u015fik Ekran &#8211; Y\u00fcksek Kaliteli Kasa, Al\u00fcminyum D\u00f6k\u00fcm &#038; Plastik &#8211; 1920 X 1080 \u00c7\u00f6z\u00fcn\u00fcrl\u00fck ve<\/p>\n","protected":false},"featured_media":2576,"comment_status":"open","ping_status":"closed","template":"","meta":[],"product_cat":[509],"product_tag":[],"class_list":["post-2575","product","type-product","status-publish","has-post-thumbnail","hentry","product_brand-posclass","product_cat-dokunmatikmonitor"],"yoast_head":"<!-- This site is optimized with the Yoast SEO plugin v21.5 - https:\/\/yoast.com\/wordpress\/plugins\/seo\/ -->\n<title>TCH-2150M 21.5\u201d Multi Dokunmatik Monit\u00f6r - BRN GROUP<\/title>\n<meta name=\"robots\" content=\"index, follow, max-snippet:-1, max-image-preview:large, max-video-preview:-1\" \/>\n<link rel=\"canonical\" href=\"https:\/\/brnteknoloji.com.tr\/index.php\/urun\/tch-2150m-21-5-multi-dokunmatik-monitor\/\" \/>\n<meta property=\"og:locale\" content=\"tr_TR\" \/>\n<meta property=\"og:type\" content=\"article\" \/>\n<meta property=\"og:title\" content=\"TCH-2150M 21.5\u201d Multi Dokunmatik Monit\u00f6r - BRN GROUP\" \/>\n<meta property=\"og:description\" content=\"&#8211; Multi Touch Dokunmatik Ekran ; 10 Parmak &#8211; 21.5&#8221; LED LCD Panel &#8211; B\u00fct\u00fcnle\u015fik Ekran &#8211; Y\u00fcksek Kaliteli Kasa, Al\u00fcminyum D\u00f6k\u00fcm &#038; Plastik &#8211; 1920 X 1080 \u00c7\u00f6z\u00fcn\u00fcrl\u00fck ve\" \/>\n<meta property=\"og:url\" content=\"https:\/\/brnteknoloji.com.tr\/index.php\/urun\/tch-2150m-21-5-multi-dokunmatik-monitor\/\" \/>\n<meta property=\"og:site_name\" content=\"BRN GROUP\" \/>\n<meta property=\"article:modified_time\" content=\"2023-08-19T13:38:42+00:00\" \/>\n<meta property=\"og:image\" content=\"https:\/\/brnteknoloji.com.tr\/wp-content\/uploads\/2023\/08\/posclass-0303.png\" \/>\n\t<meta property=\"og:image:width\" content=\"1200\" \/>\n\t<meta property=\"og:image:height\" content=\"800\" \/>\n\t<meta property=\"og:image:type\" content=\"image\/png\" \/>\n<meta name=\"twitter:card\" content=\"summary_large_image\" \/>\n<script type=\"application\/ld+json\" class=\"yoast-schema-graph\">{\"@context\":\"https:\/\/schema.org\",\"@graph\":[{\"@type\":\"WebPage\",\"@id\":\"https:\/\/brnteknoloji.com.tr\/index.php\/urun\/tch-2150m-21-5-multi-dokunmatik-monitor\/\",\"url\":\"https:\/\/brnteknoloji.com.tr\/index.php\/urun\/tch-2150m-21-5-multi-dokunmatik-monitor\/\",\"name\":\"TCH-2150M 21.5\u201d Multi Dokunmatik Monit\u00f6r - BRN GROUP\",\"isPartOf\":{\"@id\":\"https:\/\/brnteknoloji.com.tr\/#website\"},\"datePublished\":\"2023-08-19T13:38:41+00:00\",\"dateModified\":\"2023-08-19T13:38:42+00:00\",\"breadcrumb\":{\"@id\":\"https:\/\/brnteknoloji.com.tr\/index.php\/urun\/tch-2150m-21-5-multi-dokunmatik-monitor\/#breadcrumb\"},\"inLanguage\":\"tr\",\"potentialAction\":[{\"@type\":\"ReadAction\",\"target\":[\"https:\/\/brnteknoloji.com.tr\/index.php\/urun\/tch-2150m-21-5-multi-dokunmatik-monitor\/\"]}]},{\"@type\":\"BreadcrumbList\",\"@id\":\"https:\/\/brnteknoloji.com.tr\/index.php\/urun\/tch-2150m-21-5-multi-dokunmatik-monitor\/#breadcrumb\",\"itemListElement\":[{\"@type\":\"ListItem\",\"position\":1,\"name\":\"Anasayfa\",\"item\":\"https:\/\/brnteknoloji.com.tr\/\"},{\"@type\":\"ListItem\",\"position\":2,\"name\":\"\u00dcR\u00dcNLER\u0130M\u0130Z\",\"item\":\"https:\/\/brnteknoloji.com.tr\/index.php\/magaza\/\"},{\"@type\":\"ListItem\",\"position\":3,\"name\":\"TCH-2150M 21.5\u201d Multi Dokunmatik Monit\u00f6r\"}]},{\"@type\":\"WebSite\",\"@id\":\"https:\/\/brnteknoloji.com.tr\/#website\",\"url\":\"https:\/\/brnteknoloji.com.tr\/\",\"name\":\"BRN GROUP\",\"description\":\"\",\"publisher\":{\"@id\":\"https:\/\/brnteknoloji.com.tr\/#organization\"},\"potentialAction\":[{\"@type\":\"SearchAction\",\"target\":{\"@type\":\"EntryPoint\",\"urlTemplate\":\"https:\/\/brnteknoloji.com.tr\/?s={search_term_string}\"},\"query-input\":\"required name=search_term_string\"}],\"inLanguage\":\"tr\"},{\"@type\":\"Organization\",\"@id\":\"https:\/\/brnteknoloji.com.tr\/#organization\",\"name\":\"BRN GROUP\",\"url\":\"https:\/\/brnteknoloji.com.tr\/\",\"logo\":{\"@type\":\"ImageObject\",\"inLanguage\":\"tr\",\"@id\":\"https:\/\/brnteknoloji.com.tr\/#\/schema\/logo\/image\/\",\"url\":\"https:\/\/brnteknoloji.com.tr\/wp-content\/uploads\/2023\/08\/brngroup_logo.png\",\"contentUrl\":\"https:\/\/brnteknoloji.com.tr\/wp-content\/uploads\/2023\/08\/brngroup_logo.png\",\"width\":1022,\"height\":566,\"caption\":\"BRN GROUP\"},\"image\":{\"@id\":\"https:\/\/brnteknoloji.com.tr\/#\/schema\/logo\/image\/\"}}]}<\/script>\n<!-- \/ Yoast SEO plugin. -->","yoast_head_json":{"title":"TCH-2150M 21.5\u201d Multi Dokunmatik Monit\u00f6r - BRN GROUP","robots":{"index":"index","follow":"follow","max-snippet":"max-snippet:-1","max-image-preview":"max-image-preview:large","max-video-preview":"max-video-preview:-1"},"canonical":"https:\/\/brnteknoloji.com.tr\/index.php\/urun\/tch-2150m-21-5-multi-dokunmatik-monitor\/","og_locale":"tr_TR","og_type":"article","og_title":"TCH-2150M 21.5\u201d Multi Dokunmatik Monit\u00f6r - BRN GROUP","og_description":"&#8211; Multi Touch Dokunmatik Ekran ; 10 Parmak &#8211; 21.5&#8221; LED LCD Panel &#8211; B\u00fct\u00fcnle\u015fik Ekran &#8211; Y\u00fcksek Kaliteli Kasa, Al\u00fcminyum D\u00f6k\u00fcm &#038; Plastik &#8211; 1920 X 1080 \u00c7\u00f6z\u00fcn\u00fcrl\u00fck ve","og_url":"https:\/\/brnteknoloji.com.tr\/index.php\/urun\/tch-2150m-21-5-multi-dokunmatik-monitor\/","og_site_name":"BRN GROUP","article_modified_time":"2023-08-19T13:38:42+00:00","og_image":[{"width":1200,"height":800,"url":"https:\/\/brnteknoloji.com.tr\/wp-content\/uploads\/2023\/08\/posclass-0303.png","type":"image\/png"}],"twitter_card":"summary_large_image","schema":{"@context":"https:\/\/schema.org","@graph":[{"@type":"WebPage","@id":"https:\/\/brnteknoloji.com.tr\/index.php\/urun\/tch-2150m-21-5-multi-dokunmatik-monitor\/","url":"https:\/\/brnteknoloji.com.tr\/index.php\/urun\/tch-2150m-21-5-multi-dokunmatik-monitor\/","name":"TCH-2150M 21.5\u201d Multi Dokunmatik Monit\u00f6r - BRN GROUP","isPartOf":{"@id":"https:\/\/brnteknoloji.com.tr\/#website"},"datePublished":"2023-08-19T13:38:41+00:00","dateModified":"2023-08-19T13:38:42+00:00","breadcrumb":{"@id":"https:\/\/brnteknoloji.com.tr\/index.php\/urun\/tch-2150m-21-5-multi-dokunmatik-monitor\/#breadcrumb"},"inLanguage":"tr","potentialAction":[{"@type":"ReadAction","target":["https:\/\/brnteknoloji.com.tr\/index.php\/urun\/tch-2150m-21-5-multi-dokunmatik-monitor\/"]}]},{"@type":"BreadcrumbList","@id":"https:\/\/brnteknoloji.com.tr\/index.php\/urun\/tch-2150m-21-5-multi-dokunmatik-monitor\/#breadcrumb","itemListElement":[{"@type":"ListItem","position":1,"name":"Anasayfa","item":"https:\/\/brnteknoloji.com.tr\/"},{"@type":"ListItem","position":2,"name":"\u00dcR\u00dcNLER\u0130M\u0130Z","item":"https:\/\/brnteknoloji.com.tr\/index.php\/magaza\/"},{"@type":"ListItem","position":3,"name":"TCH-2150M 21.5\u201d Multi Dokunmatik Monit\u00f6r"}]},{"@type":"WebSite","@id":"https:\/\/brnteknoloji.com.tr\/#website","url":"https:\/\/brnteknoloji.com.tr\/","name":"BRN GROUP","description":"","publisher":{"@id":"https:\/\/brnteknoloji.com.tr\/#organization"},"potentialAction":[{"@type":"SearchAction","target":{"@type":"EntryPoint","urlTemplate":"https:\/\/brnteknoloji.com.tr\/?s={search_term_string}"},"query-input":"required name=search_term_string"}],"inLanguage":"tr"},{"@type":"Organization","@id":"https:\/\/brnteknoloji.com.tr\/#organization","name":"BRN GROUP","url":"https:\/\/brnteknoloji.com.tr\/","logo":{"@type":"ImageObject","inLanguage":"tr","@id":"https:\/\/brnteknoloji.com.tr\/#\/schema\/logo\/image\/","url":"https:\/\/brnteknoloji.com.tr\/wp-content\/uploads\/2023\/08\/brngroup_logo.png","contentUrl":"https:\/\/brnteknoloji.com.tr\/wp-content\/uploads\/2023\/08\/brngroup_logo.png","width":1022,"height":566,"caption":"BRN GROUP"},"image":{"@id":"https:\/\/brnteknoloji.com.tr\/#\/schema\/logo\/image\/"}}]}},"_links":{"self":[{"href":"https:\/\/brnteknoloji.com.tr\/index.php\/wp-json\/wp\/v2\/product\/2575","targetHints":{"allow":["GET"]}}],"collection":[{"href":"https:\/\/brnteknoloji.com.tr\/index.php\/wp-json\/wp\/v2\/product"}],"about":[{"href":"https:\/\/brnteknoloji.com.tr\/index.php\/wp-json\/wp\/v2\/types\/product"}],"replies":[{"embeddable":true,"href":"https:\/\/brnteknoloji.com.tr\/index.php\/wp-json\/wp\/v2\/comments?post=2575"}],"wp:featuredmedia":[{"embeddable":true,"href":"https:\/\/brnteknoloji.com.tr\/index.php\/wp-json\/wp\/v2\/media\/2576"}],"wp:attachment":[{"href":"https:\/\/brnteknoloji.com.tr\/index.php\/wp-json\/wp\/v2\/media?parent=2575"}],"wp:term":[{"taxonomy":"product_cat","embeddable":true,"href":"https:\/\/brnteknoloji.com.tr\/index.php\/wp-json\/wp\/v2\/product_cat?post=2575"},{"taxonomy":"product_tag","embeddable":true,"href":"https:\/\/brnteknoloji.com.tr\/index.php\/wp-json\/wp\/v2\/product_tag?post=2575"}],"curies":[{"name":"wp","href":"https:\/\/api.w.org\/{rel}","templated":true}]}}