{"id":2385,"date":"2023-08-17T22:05:52","date_gmt":"2023-08-17T22:05:52","guid":{"rendered":"https:\/\/brnteknoloji.com.tr\/?post_type=product&#038;p=2385"},"modified":"2023-08-17T22:07:39","modified_gmt":"2023-08-17T22:07:39","slug":"zywell-zy-907-termal-yazici-ethernet-usb","status":"publish","type":"product","link":"https:\/\/brnteknoloji.com.tr\/index.php\/urun\/zywell-zy-907-termal-yazici-ethernet-usb\/","title":{"rendered":"ZYWELL ZY-907 TERMAL YAZICI ETHERNET &#038; USB"},"content":{"rendered":"<p><strong>ZY-907 Termal Fi\u015f Yaz\u0131c\u0131s\u0131<\/strong><br \/>\nDuvara monte cihaz\u0131 destekleyin. A\u011f segmentleri aras\u0131nda IP i\u015flevi de\u011fi\u015fikli\u011fini destekleyin. Mutfak bask\u0131s\u0131 ve a\u011f bask\u0131s\u0131 deste\u011fi.<br \/>\nDahili g\u00fc\u00e7 kayna\u011f\u0131 tasar\u0131m\u0131, kullan\u0131m\u0131 daha rahat ve g\u00fczel hale getirir.<br \/>\nB\u0131\u00e7ak s\u0131k\u0131\u015fmas\u0131n\u0131 \u00f6nlemek i\u00e7in b\u0131\u00e7ak s\u0131k\u0131\u015fma \u00f6nleme i\u015flevini destekleyin.<\/p>\n","protected":false},"excerpt":{"rendered":"<p>ZY-907 Termal Fi\u015f Yaz\u0131c\u0131s\u0131 Duvara monte cihaz\u0131 destekleyin. A\u011f segmentleri aras\u0131nda IP i\u015flevi de\u011fi\u015fikli\u011fini destekleyin. Mutfak bask\u0131s\u0131 ve a\u011f bask\u0131s\u0131 deste\u011fi. Dahili g\u00fc\u00e7 kayna\u011f\u0131 tasar\u0131m\u0131, kullan\u0131m\u0131 daha rahat ve g\u00fczel<\/p>\n","protected":false},"featured_media":2386,"comment_status":"open","ping_status":"closed","template":"","meta":[],"product_cat":[512],"product_tag":[],"class_list":["post-2385","product","type-product","status-publish","has-post-thumbnail","hentry","product_brand-zywell","product_cat-fisyazicilari"],"yoast_head":"<!-- This site is optimized with the Yoast SEO plugin v21.5 - https:\/\/yoast.com\/wordpress\/plugins\/seo\/ -->\n<title>ZYWELL ZY-907 TERMAL YAZICI ETHERNET &amp; USB - BRN GROUP<\/title>\n<meta name=\"robots\" content=\"index, follow, max-snippet:-1, max-image-preview:large, max-video-preview:-1\" \/>\n<link rel=\"canonical\" href=\"https:\/\/brnteknoloji.com.tr\/index.php\/urun\/zywell-zy-907-termal-yazici-ethernet-usb\/\" \/>\n<meta property=\"og:locale\" content=\"tr_TR\" \/>\n<meta property=\"og:type\" content=\"article\" \/>\n<meta property=\"og:title\" content=\"ZYWELL ZY-907 TERMAL YAZICI ETHERNET &amp; USB - BRN GROUP\" \/>\n<meta property=\"og:description\" content=\"ZY-907 Termal Fi\u015f Yaz\u0131c\u0131s\u0131 Duvara monte cihaz\u0131 destekleyin. A\u011f segmentleri aras\u0131nda IP i\u015flevi de\u011fi\u015fikli\u011fini destekleyin. Mutfak bask\u0131s\u0131 ve a\u011f bask\u0131s\u0131 deste\u011fi. Dahili g\u00fc\u00e7 kayna\u011f\u0131 tasar\u0131m\u0131, kullan\u0131m\u0131 daha rahat ve g\u00fczel\" \/>\n<meta property=\"og:url\" content=\"https:\/\/brnteknoloji.com.tr\/index.php\/urun\/zywell-zy-907-termal-yazici-ethernet-usb\/\" \/>\n<meta property=\"og:site_name\" content=\"BRN GROUP\" \/>\n<meta property=\"article:modified_time\" content=\"2023-08-17T22:07:39+00:00\" \/>\n<meta property=\"og:image\" content=\"https:\/\/brnteknoloji.com.tr\/wp-content\/uploads\/2023\/08\/zy907sag.png\" \/>\n\t<meta property=\"og:image:width\" content=\"1000\" \/>\n\t<meta property=\"og:image:height\" content=\"800\" \/>\n\t<meta property=\"og:image:type\" content=\"image\/png\" \/>\n<meta name=\"twitter:card\" content=\"summary_large_image\" \/>\n<meta name=\"twitter:label1\" content=\"Tahmini okuma s\u00fcresi\" \/>\n\t<meta name=\"twitter:data1\" content=\"1 dakika\" \/>\n<script type=\"application\/ld+json\" class=\"yoast-schema-graph\">{\"@context\":\"https:\/\/schema.org\",\"@graph\":[{\"@type\":\"WebPage\",\"@id\":\"https:\/\/brnteknoloji.com.tr\/index.php\/urun\/zywell-zy-907-termal-yazici-ethernet-usb\/\",\"url\":\"https:\/\/brnteknoloji.com.tr\/index.php\/urun\/zywell-zy-907-termal-yazici-ethernet-usb\/\",\"name\":\"ZYWELL ZY-907 TERMAL YAZICI ETHERNET & USB - BRN GROUP\",\"isPartOf\":{\"@id\":\"https:\/\/brnteknoloji.com.tr\/#website\"},\"datePublished\":\"2023-08-17T22:05:52+00:00\",\"dateModified\":\"2023-08-17T22:07:39+00:00\",\"breadcrumb\":{\"@id\":\"https:\/\/brnteknoloji.com.tr\/index.php\/urun\/zywell-zy-907-termal-yazici-ethernet-usb\/#breadcrumb\"},\"inLanguage\":\"tr\",\"potentialAction\":[{\"@type\":\"ReadAction\",\"target\":[\"https:\/\/brnteknoloji.com.tr\/index.php\/urun\/zywell-zy-907-termal-yazici-ethernet-usb\/\"]}]},{\"@type\":\"BreadcrumbList\",\"@id\":\"https:\/\/brnteknoloji.com.tr\/index.php\/urun\/zywell-zy-907-termal-yazici-ethernet-usb\/#breadcrumb\",\"itemListElement\":[{\"@type\":\"ListItem\",\"position\":1,\"name\":\"Anasayfa\",\"item\":\"https:\/\/brnteknoloji.com.tr\/\"},{\"@type\":\"ListItem\",\"position\":2,\"name\":\"\u00dcR\u00dcNLER\u0130M\u0130Z\",\"item\":\"https:\/\/brnteknoloji.com.tr\/index.php\/magaza\/\"},{\"@type\":\"ListItem\",\"position\":3,\"name\":\"ZYWELL ZY-907 TERMAL YAZICI ETHERNET &#038; USB\"}]},{\"@type\":\"WebSite\",\"@id\":\"https:\/\/brnteknoloji.com.tr\/#website\",\"url\":\"https:\/\/brnteknoloji.com.tr\/\",\"name\":\"BRN GROUP\",\"description\":\"\",\"publisher\":{\"@id\":\"https:\/\/brnteknoloji.com.tr\/#organization\"},\"potentialAction\":[{\"@type\":\"SearchAction\",\"target\":{\"@type\":\"EntryPoint\",\"urlTemplate\":\"https:\/\/brnteknoloji.com.tr\/?s={search_term_string}\"},\"query-input\":\"required name=search_term_string\"}],\"inLanguage\":\"tr\"},{\"@type\":\"Organization\",\"@id\":\"https:\/\/brnteknoloji.com.tr\/#organization\",\"name\":\"BRN GROUP\",\"url\":\"https:\/\/brnteknoloji.com.tr\/\",\"logo\":{\"@type\":\"ImageObject\",\"inLanguage\":\"tr\",\"@id\":\"https:\/\/brnteknoloji.com.tr\/#\/schema\/logo\/image\/\",\"url\":\"https:\/\/brnteknoloji.com.tr\/wp-content\/uploads\/2023\/08\/brngroup_logo.png\",\"contentUrl\":\"https:\/\/brnteknoloji.com.tr\/wp-content\/uploads\/2023\/08\/brngroup_logo.png\",\"width\":1022,\"height\":566,\"caption\":\"BRN GROUP\"},\"image\":{\"@id\":\"https:\/\/brnteknoloji.com.tr\/#\/schema\/logo\/image\/\"}}]}<\/script>\n<!-- \/ Yoast SEO plugin. -->","yoast_head_json":{"title":"ZYWELL ZY-907 TERMAL YAZICI ETHERNET & USB - BRN GROUP","robots":{"index":"index","follow":"follow","max-snippet":"max-snippet:-1","max-image-preview":"max-image-preview:large","max-video-preview":"max-video-preview:-1"},"canonical":"https:\/\/brnteknoloji.com.tr\/index.php\/urun\/zywell-zy-907-termal-yazici-ethernet-usb\/","og_locale":"tr_TR","og_type":"article","og_title":"ZYWELL ZY-907 TERMAL YAZICI ETHERNET & USB - BRN GROUP","og_description":"ZY-907 Termal Fi\u015f Yaz\u0131c\u0131s\u0131 Duvara monte cihaz\u0131 destekleyin. A\u011f segmentleri aras\u0131nda IP i\u015flevi de\u011fi\u015fikli\u011fini destekleyin. Mutfak bask\u0131s\u0131 ve a\u011f bask\u0131s\u0131 deste\u011fi. Dahili g\u00fc\u00e7 kayna\u011f\u0131 tasar\u0131m\u0131, kullan\u0131m\u0131 daha rahat ve g\u00fczel","og_url":"https:\/\/brnteknoloji.com.tr\/index.php\/urun\/zywell-zy-907-termal-yazici-ethernet-usb\/","og_site_name":"BRN GROUP","article_modified_time":"2023-08-17T22:07:39+00:00","og_image":[{"width":1000,"height":800,"url":"https:\/\/brnteknoloji.com.tr\/wp-content\/uploads\/2023\/08\/zy907sag.png","type":"image\/png"}],"twitter_card":"summary_large_image","twitter_misc":{"Tahmini okuma s\u00fcresi":"1 dakika"},"schema":{"@context":"https:\/\/schema.org","@graph":[{"@type":"WebPage","@id":"https:\/\/brnteknoloji.com.tr\/index.php\/urun\/zywell-zy-907-termal-yazici-ethernet-usb\/","url":"https:\/\/brnteknoloji.com.tr\/index.php\/urun\/zywell-zy-907-termal-yazici-ethernet-usb\/","name":"ZYWELL ZY-907 TERMAL YAZICI ETHERNET & USB - BRN GROUP","isPartOf":{"@id":"https:\/\/brnteknoloji.com.tr\/#website"},"datePublished":"2023-08-17T22:05:52+00:00","dateModified":"2023-08-17T22:07:39+00:00","breadcrumb":{"@id":"https:\/\/brnteknoloji.com.tr\/index.php\/urun\/zywell-zy-907-termal-yazici-ethernet-usb\/#breadcrumb"},"inLanguage":"tr","potentialAction":[{"@type":"ReadAction","target":["https:\/\/brnteknoloji.com.tr\/index.php\/urun\/zywell-zy-907-termal-yazici-ethernet-usb\/"]}]},{"@type":"BreadcrumbList","@id":"https:\/\/brnteknoloji.com.tr\/index.php\/urun\/zywell-zy-907-termal-yazici-ethernet-usb\/#breadcrumb","itemListElement":[{"@type":"ListItem","position":1,"name":"Anasayfa","item":"https:\/\/brnteknoloji.com.tr\/"},{"@type":"ListItem","position":2,"name":"\u00dcR\u00dcNLER\u0130M\u0130Z","item":"https:\/\/brnteknoloji.com.tr\/index.php\/magaza\/"},{"@type":"ListItem","position":3,"name":"ZYWELL ZY-907 TERMAL YAZICI ETHERNET &#038; USB"}]},{"@type":"WebSite","@id":"https:\/\/brnteknoloji.com.tr\/#website","url":"https:\/\/brnteknoloji.com.tr\/","name":"BRN GROUP","description":"","publisher":{"@id":"https:\/\/brnteknoloji.com.tr\/#organization"},"potentialAction":[{"@type":"SearchAction","target":{"@type":"EntryPoint","urlTemplate":"https:\/\/brnteknoloji.com.tr\/?s={search_term_string}"},"query-input":"required name=search_term_string"}],"inLanguage":"tr"},{"@type":"Organization","@id":"https:\/\/brnteknoloji.com.tr\/#organization","name":"BRN GROUP","url":"https:\/\/brnteknoloji.com.tr\/","logo":{"@type":"ImageObject","inLanguage":"tr","@id":"https:\/\/brnteknoloji.com.tr\/#\/schema\/logo\/image\/","url":"https:\/\/brnteknoloji.com.tr\/wp-content\/uploads\/2023\/08\/brngroup_logo.png","contentUrl":"https:\/\/brnteknoloji.com.tr\/wp-content\/uploads\/2023\/08\/brngroup_logo.png","width":1022,"height":566,"caption":"BRN GROUP"},"image":{"@id":"https:\/\/brnteknoloji.com.tr\/#\/schema\/logo\/image\/"}}]}},"_links":{"self":[{"href":"https:\/\/brnteknoloji.com.tr\/index.php\/wp-json\/wp\/v2\/product\/2385","targetHints":{"allow":["GET"]}}],"collection":[{"href":"https:\/\/brnteknoloji.com.tr\/index.php\/wp-json\/wp\/v2\/product"}],"about":[{"href":"https:\/\/brnteknoloji.com.tr\/index.php\/wp-json\/wp\/v2\/types\/product"}],"replies":[{"embeddable":true,"href":"https:\/\/brnteknoloji.com.tr\/index.php\/wp-json\/wp\/v2\/comments?post=2385"}],"wp:featuredmedia":[{"embeddable":true,"href":"https:\/\/brnteknoloji.com.tr\/index.php\/wp-json\/wp\/v2\/media\/2386"}],"wp:attachment":[{"href":"https:\/\/brnteknoloji.com.tr\/index.php\/wp-json\/wp\/v2\/media?parent=2385"}],"wp:term":[{"taxonomy":"product_cat","embeddable":true,"href":"https:\/\/brnteknoloji.com.tr\/index.php\/wp-json\/wp\/v2\/product_cat?post=2385"},{"taxonomy":"product_tag","embeddable":true,"href":"https:\/\/brnteknoloji.com.tr\/index.php\/wp-json\/wp\/v2\/product_tag?post=2385"}],"curies":[{"name":"wp","href":"https:\/\/api.w.org\/{rel}","templated":true}]}}